 54 = -969*j. What is l(j)?
6
Let n(z) = -2*z**2 - 2*z - 1. Suppose -23*k + 20*k - 6 = 0. Determine n(k).
-5
Let l = 89/2 + -43. Let s(c) be the first derivative of -4 - 3*c - 1/4*c**4 - l*c**2 - 1/3*c**3. What is s(-2)?
7
Let w(h) = 5*h**3 - h**2 + h + 1. Suppose -3*v = 4*s - 28, 2*s - 17 = -5*v + 11. Let t be s/(-3)*3/(-1). Suppose 4*k + t = -0. Calculate w(k).
-6
Let i = 814 + -811. Let p(z) be the first derivative of -z + 0*z**2 - 1/3*z**i + 6. Determine p(-2).
-5
Suppose 6*q + 18 = 5*v + 2*q, -4*q - 4 = 2*v. Let j(z) = 7*z**2 - z**3 + 2*z**3 - v*z**2 + 1 + 4*z**2. Calculate j(-9).
1
Let y(f) = 6*f. Let l(w) = -w. Let n(t) = 5*l(t) + y(t). Suppose 0*z + 2*z = 8. Let i be 0 - -3 - (7 - z). Give n(i).
0
Let k(g) = 7*g**2 + g + 2. Let z(q) = -2*q**2. Let n(t) = -k(t) - 4*z(t). Suppose 3*l - 8*l = 10. Give n(l).
4
Let m = 28 - 37. Let x be -1 + m/6 + 27/18. Let v(z) = 14*z + 1. Calculate v(x).
-13
Let u = -30 + 37. Suppose t = 8*t + u. Let q(j) = 13*j**2 - 1. Determine q(t).
12
Let h(q) = -q**3 - 5*q**2 + q + 1. Let k = -24 - -35. Let o = k - 8. Suppose 30 = -3*c + o*l, 1 = l - 4. What is h(c)?
-4
Let p = 562 + -567. Let g(x) = -6*x**3 + 30*x**2 + 14*x + 31. Let r(i) = i**3 - 6*i**2 - 3*i - 6. Let k(d) = 2*g(d) + 11*r(d). Calculate k(p).
-4
Let l(c) = -7079 + 10*c**2 + 7080 - 29*c**2. What is l(-1)?
-18
Suppose 13 = 2*z + 3. Let f(h) = 27*h + 1. Let w(u) = -7*u + 1. Let a(x) = -f(x) - 4*w(x). What is a(z)?
0
Let d(u) = -36*u**2 + 32*u**2 + 0*u**3 + 0*u + 6*u + u**3 - 4. Calculate d(4).
20
Let m(k) be the third derivative of -k**6/24 - k**5/60 + k**2. Suppose 14 = -83*h + 97*h. Let p be m(h). Let q(g) = 3*g + 8. Determine q(p).
-10
Let f = 72 - 76. Let t(q) = -q**2 - 4*q + 5. Determine t(f).
5
Let u(n) = -3*n**2 + 4*n - 2. Let t be u(2). Let k(o) be the second derivative of -o**5/20 - 5*o**4/12 + o**3 - 3*o**2 + 11*o. Give k(t).
-6
Let n(u) be the second derivative of u**3/6 - 2*u**2 + 9*u. Give n(9).
5
Let j(o) = 8*o + 84. Suppose 4*k + 59 = -3*b, -19*b = -k - 22*b - 26. Determine j(k).
-4
Let k(i) = -i**3 + 4*i**2 + 6*i + 5. Let z be k(5). Suppose -16*x + 20*x - 60 = 0. Let v be (-10)/x - z/(-6). Let n(m) = 5*m**3 - m. Give n(v).
4
Let y(f) be the third derivative of -f**6/120 + 7*f**5/30 - 13*f**4/24 + f**3/2 - 178*f**2. What is y(13)?
3
Let z(b) be the first derivative of -15*b**4/4 - b**2/2 - 2*b - 673. What is z(-1)?
14
Let q(z) = z**2 + 2*z - 8. Suppose -186*f + 356 = -97*f. What is q(f)?
16
Suppose 5*d + 4 = 3*d. Let r be ((-1)/d)/(5/(-50)). Let l(j) = 5*j + j**3 + 7 - 1 + 6*j**2 + 0. Calculate l(r).
6
Suppose 3*q - 3 = 6. Let g(f) = -4*f**2 + 6*f**2 - f**2 + f + q + 0*f. Suppose 11*z = 6*z - 15. Give g(z).
9
Let l be 5/((-15)/(-12)) - 0. Suppose 5*s = 3*s + 4*d, -l*d - 6 = -5*s. Let i(b) = -3*b + 6. Let g(q) = 5*q - 10. Let t(w) = 5*g(w) + 8*i(w). Calculate t(s).
0
Let p(m) = -m**2 + m + 3. Suppose -3*r = 15 - 3. Let l be 0/(-2)*r/(-16). Give p(l).
3
Suppose 2*f + 7 = -9. Let l(x) = -2*x**3 - 7*x**2 - 12. Let c(q) = -q**3 + q**2 - 2. Let k(p) = c(p) - l(p). Determine k(f).
10
Let h(m) be the second derivative of -m**5/20 + 5*m**4/12 + m**3/6 - 3*m**2/2 + 2*m. Let j be (10 - (-2)/(-1))/(-2). Let d be j/18 - (-282)/54. What is h(d)?
2
Let t(h) = -h - 2. Let z = 0 - -2. Let a be ((-3)/z)/((-1)/(-2)). Determine t(a).
1
Let t(s) = 2*s**2 - 10*s - 12. Let n(j) = -5*j**2 + 29*j + 32. Let a(l) = -3*n(l) - 8*t(l). Determine a(-6).
6
Let t(q) = 3*q**3 + 69*q**2 + 4*q + 89. Let o be t(-23). Let h(u) = u**3 + 5*u**2 + 5. Determine h(o).
23
Let n = -11 + 15. Suppose -n*g - 110 = -5*s, -5*s = -0*s + 4*g - 110. Let f(a) = -21*a**2 - a + s*a**2 + 4*a. Give f(-2).
-2
Suppose 6*z = 3*z. Suppose -4*k + k + 9 = z. Suppose -5*r - k = 3*a + 15, 0 = -r + 2*a - 14. Let g(v) = v**3 + 5*v**2 - 4*v + 5. Calculate g(r).
-7
Suppose -3*p - 8 = -w, 0 = -3*w + 4*p + 7 + 7. Let v(c) = -w*c + 3*c + 4*c - 4*c. Determine v(7).
7
Suppose -3*j - 9 = 2*v, 12 = -v + 6*v - 4*j. Let z(g) = -36*g + 17. Let u(x) = -31*x + 16. Let s(k) = 7*u(k) - 6*z(k). Calculate s(v).
10
Let v be -1*((-36)/16)/(3/(-4)). Let y(o) = o + 6. Calculate y(v).
3
Let n(k) = -5*k - 27. Suppose -6*j - 13 = -55. Let h(o) = -3*o - 14. Let m(b) = j*h(b) - 4*n(b). Give m(5).
5
Let q(x) be the second derivative of -x**4 - x**3/2 + x**2/2 + 145*x. Calculate q(2).
-53
Suppose 0 = 7*u - 6*u - 4*u. Let b(s) be the first derivative of s**3/3 - s**2/2 - 10*s + 6. Calculate b(u).
-10
Suppose -20 = 6*h - 80. Let u(v) = -v**2 + 9*v - 3. Give u(h).
-13
Let u(m) = -3*m - 2*m - m + 0*m - 3. Suppose c = 3*o + 41, -2*o - 23 = 2*o + 5*c. Let g = o + 9. What is u(g)?
15
Let w(z) = z**2 - 5*z - 2. Let n be (6 + -32)/(-2 + 0) + -7. Give w(n).
4
Suppose -3*c - 25 = 2*c. Let x(z) = -7*z**3 - 4*z**2 - 11*z + 8. Let f(s) = 6*s**3 + 4*s**2 + 8*s - 7. Let t(m) = -6*f(m) - 5*x(m). What is t(c)?
-8
Let y(v) be the first derivative of -v**2/2 + 5*v - 88. Calculate y(-7).
12
Let n(q) = -q**3 + 4*q**2 + 12*q + 2. Let k be n(6). Suppose -5*f - 10 - 21 = r, 3*f + 27 = -k*r. Let a(j) = j**3 + 5*j**2 - 6*j + 7. Give a(r).
7
Let g(l) = -3 - 1 + 78*l - 80*l. Give g(-8).
12
Let c(x) = -x + 5. Suppose 20 + 0 = 5*n. Suppose -n*j + 14 = 2. Give c(j).
2
Let m be 35/(-1 + 6) + -1. Let t(u) = -u. Let b(j) = j**3 - 6*j**2 - 8*j + 4. Let v(l) = -b(l) + 5*t(l). Determine v(m).
14
Let x(i) = i - 8. Let k be x(11). Let o = 140 - 137. Suppose k*p + o*a = 3, 0 = 2*p - 3*p + a - 5. Let z(c) = c**3 + c**2 - 3*c - 3. Determine z(p).
-1
Suppose 128*d + 100 + 65 = 143*d. Let n(g) = -g + 0*g + 0 + 6. Determine n(d).
-5
Let p(v) = 3*v**2 + 7*v - 17. Let c(f) = f - 3. Let x(m) = -5*c(m) + p(m). Determine x(-2).
6
Let d(m) = 2*m - 15. Let a be d(5). Let r(f) = 3*f**2 + 7*f + 0*f**2 - 2*f**2. Determine r(a).
-10
Let c be (-5)/2*-1 - 7/(-14). Let i(l) = 6*l**2 - 4 + c + 8*l - 7 - l**3. Calculate i(7).
-1
Suppose y + 1 - 2 = 0. Let f be y/(-1 + 4/3). Let b(u) = -u**3 + 3*u**2 + u - 1. Let v be b(f). Let n(k) = 2*k**2 - 2*k + 2. Give n(v).
6
Suppose -14*o = -217 + 21. Let x(u) = -u**3 + 14*u**2 + u - 8. Calculate x(o).
6
Let o(a) = 4*a**2 - 1. Let q be (-48)/(-20) + 4/(-10). Let b(p) = 12*p**2 - p + 2*p**q - 13 - 75*p**3 + 76*p**3. Let n be b(-14). Calculate o(n).
3
Let a be (10 - (-2 + 4))*1. Suppose -4*u = -4*c + 2*c + a, -3*c - 5*u = 43. Let p be 15/c*(-24)/10. Let y(j) = -j**3 + 5*j**2 + 6*j - 5. Give y(p).
-5
Let x(l) = 11*l - 4. Let s(n) = -12*n + 5. Let r(a) = -5*s(a) - 6*x(a). Suppose 98*i - 103*i - 5 = 0. Determine r(i).
5
Let w(f) = f**3 + 56*f - 13*f - 7*f**2 - 34*f + 8. Give w(5).
3
Let w(x) = -x**2 + 7*x - 5. Let i be 140/(-112) - 58/(-8). Calculate w(i).
1
Let d(z) = 6*z - 1. Suppose 0 = 10*u - 29*u - 95. What is d(u)?
-31
Let k(v) be the first derivative of 7*v**3/3 + v**2 + v + 92. Give k(-2).
25
Let b = 1202 - 1206. Let d(w) = w**2 + 6*w - 4. Determine d(b).
-12
Let s(y) = -y**2 - 16*y. Let h(f) = f - 1. Let w(j) = 5*h(j) + s(j). Calculate w(-11).
-5
Let i(a) = -3*a - 4. Let s be 17/6 + (-82)/(-492). Calculate i(s).
-13
Let l(j) = -202*j + 407*j - 2 - 204*j. Give l(-4).
-6
Let q(u) be the third derivative of u**4/24 - 2*u**3/3 - 12*u**2. Let f be q(8). Let b(k) = -k**2 + 3*k + 3. Calculate b(f).
-1
Suppose 2 = -2*k, k - 2*k = -2*r - 9. Let q(c) be the second derivative of -7/2*c**2 - 1/20*c**5 + c - 5/12*c**4 + 0 + 0*c**3. What is q(r)?
-7
Let c(b) = 5*b + 37. Let x be c(-6). Let m(h) = 4*h - 16. Calculate m(x).
12
Let d(j) be the first derivative of j**2 + 2*j + 164. Let h(b) = b**3 + 4*b**2 - 2*b - 6. Let q be h(-4). Calculate d(q).
6
Suppose 0 = m + t + 105, m + 525 = -4*m + 4*t. Let d = m + 105. Let j(x) = x**2 + x + 1. Calculate j(d).
1
Let i(z) be the first derivative of -z**4/2 - z**3/3 - z**2/2 - 6*z - 5. Let o(h) be the first derivative of i(h). Determine o(-1).
-5
Let m(q) = -13*q + 7. Let j(t) = 25*t - 12. Let r(s) = -3*j(s) - 5*m(s). What is r(1)?
-9
Let g(b) = b - 19. Let k be g(14). Let n = k - 0. Let c(i) be the first derivative of i**4/4 + 2*i**3 + 5*i**2/2 - 5*i + 1. Calculate c(n).
-5
Let i(s) = 9*s**2 + 6*s + 7. Let z(t) = 7*t**2 + 4*t + 7. Let c(w) = 4*i(w) - 5*z(w). Determine c(-5).
-2
Let y = -21 + 19. Let n be 3 - (12 + -2 + y). Let x(f) = -4*f - 3. What is x(n)?
17
Let t(z) = -z - 2. Let d = 210 + -206. What is t(d)?
-6
Supp